{"id":19,"date":"2021-03-22T09:08:05","date_gmt":"2021-03-22T09:08:05","guid":{"rendered":"https:\/\/proenlace.com.mx\/index.php\/about\/"},"modified":"2026-03-03T04:05:47","modified_gmt":"2026-03-03T04:05:47","slug":"nosotros","status":"publish","type":"page","link":"https:\/\/ltlobos.com\/index.php\/nosotros\/","title":{"rendered":"Sobre Nosotros"},"content":{"rendered":"<!--themify_builder_content-->\n<div id=\"themify_builder_content-19\" data-postid=\"19\" class=\"themify_builder_content themify_builder_content-19 themify_builder tf_clear\">\n                    <div  data-lazy=\"1\" class=\"module_row themify_builder_row tb_29pg552 tb_first tf_w\">\n                        <div class=\"row_inner col_align_top tb_col_count_2 tf_box tf_rel\">\n                        <div  data-lazy=\"1\" class=\"module_column tb-column col4-2 tb_isvb553 first\">\n                    <!-- module text -->\n<div  class=\"module module-text tb_0utu962   \" data-lazy=\"1\">\n        <div  class=\"tb_text_wrap\">\n        <h1>Misi\u00f3n<\/h1>\n<h3>Transporte y Log\u00edstica LOBOS<\/h3>\n<p>En LOBOS, nuestra misi\u00f3n es ofrecer soluciones integrales en log\u00edstica, transporte y maniobras especializadas de carga y descarga, garantizando seguridad, precisi\u00f3n y eficiencia en cada operaci\u00f3n.<br>Trabajamos con un equipo altamente capacitado y equipo especializado para asegurar el manejo profesional de todo tipo de mercanc\u00eda, brindando un servicio confiable, puntual y orientado a superar las expectativas de cada cliente.<\/p>    <\/div>\n<\/div>\n<!-- \/module text -->        <\/div>\n                    <div  data-lazy=\"1\" class=\"module_column tb-column col4-2 tb_it8x757 last\">\n                    <!-- module text -->\n<div  class=\"module module-text tb_hdsy745   \" data-lazy=\"1\">\n        <div  class=\"tb_text_wrap\">\n        <h1>Visi\u00f3n<\/h1>\n<h3>Transporte y Log\u00edstica LOBOS<\/h3>\n<p>En LOBOS, aspiramos a consolidarnos como la empresa l\u00edder en M\u00e9xico en log\u00edstica, transporte y maniobras especializadas, reconocida por nuestra confiabilidad, excelencia operativa e innovaci\u00f3n constante.<br>Buscamos ser el socio estrat\u00e9gico preferido de la industria, impulsando el crecimiento de nuestros clientes mediante soluciones eficientes, modernas y enfocadas en la seguridad y la calidad en cada kil\u00f3metro recorrido.<\/p>    <\/div>\n<\/div>\n<!-- \/module text -->        <\/div>\n                        <\/div>\n        <\/div>\n                        <div  data-lazy=\"1\" class=\"module_row themify_builder_row tb_xfky616 tf_w\">\n                        <div class=\"row_inner col_align_top tb_col_count_1 tf_box tf_rel\">\n                        <div  data-lazy=\"1\" class=\"module_column tb-column col-full tb_wyj0616 first\">\n                    <!-- module text -->\n<div  class=\"module module-text tb_vu8f616   \" data-lazy=\"1\">\n        <div  class=\"tb_text_wrap\">\n        <h1>Nosotros<\/h1>\n<h3>Transporte y Log\u00edstica LOBOS<\/h3>\n<p>En Transporte y Log\u00edstica LOBOS ofrecemos soluciones profesionales en log\u00edstica, transporte y maniobras especializadas de carga y descarga. Contamos con personal capacitado y equipo adecuado para garantizar operaciones seguras, eficientes y puntuales.<\/p>\n<p>Nos distinguimos por nuestro compromiso con la calidad, la precisi\u00f3n y la atenci\u00f3n personalizada, brindando servicios confiables que se adaptan a las necesidades de cada cliente.<br>En LOBOS, trabajamos para ser tu aliado estrat\u00e9gico en cada operaci\u00f3n log\u00edstica y en cada kil\u00f3metro recorrido.<\/p>    <\/div>\n<\/div>\n<!-- \/module text -->        <\/div>\n                        <\/div>\n        <\/div>\n                        <div  data-css_id=\"ycep11\" data-lazy=\"1\" class=\"module_row themify_builder_row fullwidth tb_ycep11 tf_w\">\n                        <div class=\"row_inner col_align_top tb_col_count_1 tf_box tf_rel\">\n                        <div  data-lazy=\"1\" class=\"module_column tb-column col-full tb_i71y12 first\">\n                    <!-- module template_part -->\n<div  class=\"module module-layout-part tb_db3r737 \">\n    <div class=\"tb_layout_part_wrap tf_w\"><!--themify_builder_content-->\n    <div  class=\"themify_builder_content themify_builder_content-9 themify_builder not_editable_builder in_the_loop\" data-postid=\"9\">\n                        <div  data-css_id=\"3y4w167\" data-lazy=\"1\" class=\"module_row themify_builder_row fullwidth tb_3y4w167 tf_w\">\n                        <div class=\"row_inner col_align_middle gutter-none tb_col_count_2 tf_box tf_rel\">\n                        <div  data-lazy=\"1\" class=\"module_column tb-column col4-2 tb_ligr167 first\">\n        <span  class=\"builder_row_cover tf_abs\" data-lazy=\"1\"><\/span>                    <div  data-lazy=\"1\" class=\"module_subrow themify_builder_sub_row tf_w col_align_top tb_col_count_1 tb_2btr168\">\n                <div  data-lazy=\"1\" class=\"module_column sub_column col-full tb_x943169 first\">\n                    <!-- module text -->\n<div  class=\"module module-text tb_lk25727   \" data-lazy=\"1\">\n        <div  class=\"tb_text_wrap\">\n        <h2>\u00a0<\/h2>\n<h3>\u00a0<\/h3>    <\/div>\n<\/div>\n<!-- \/module text --><!-- module optin -->\n<div  id=\"tb_26d0170\" class=\"module module-optin tb_26d0170  tb_optin_horizontal\" data-lazy=\"1\">\n                            <\/div><!-- \/module optin -->\n\n        <\/div>\n                    <\/div>\n                <\/div>\n                    <div  data-lazy=\"1\" class=\"module_column tb-column col4-2 tb_t972170 last\">\n        <span  class=\"builder_row_cover tf_abs\" data-lazy=\"1\"><\/span>                    <div  data-lazy=\"1\" class=\"module_subrow themify_builder_sub_row tf_w col_align_top tb_col_count_1 tb_sdf1171\">\n                <div  data-lazy=\"1\" class=\"module_column sub_column col-full tb_6xnk171 first\">\n                    <!-- module image -->\n<div  class=\"module module-image tb_pstt171 image-left   tf_mw\" data-lazy=\"1\">\n        <div class=\"image-wrap tf_rel tf_mw\">\n            <img loading=\"lazy\" decoding=\"async\" width=\"65\" height=\"61\" src=\"https:\/\/ltlobos.com\/wp-content\/uploads\/2026\/01\/icon-emergency.png\" class=\"wp-post-image wp-image-49\" title=\"Soporte 24 Horas\" alt=\"+52 8116040803\">    \n        <\/div>\n    <!-- \/image-wrap -->\n    \n        <div class=\"image-content\">\n                    <h3 class=\"image-title\">\n                                    Soporte 24 Horas                            <\/h3>\n                        <div class=\"image-caption tb_text_wrap\">\n            +52 8116040803        <\/div>\n        <!-- \/image-caption -->\n            <\/div>\n    <!-- \/image-content -->\n        <\/div>\n<!-- \/module image -->        <\/div>\n                    <\/div>\n                <\/div>\n                        <\/div>\n        <\/div>\n            <\/div>\n<!--\/themify_builder_content--><\/div>\n<\/div>\n<!-- \/module template_part -->        <\/div>\n                        <\/div>\n        <\/div>\n        <\/div>\n<!--\/themify_builder_content-->","protected":false},"excerpt":{"rendered":"<p>Misi\u00f3n Transporte y Log\u00edstica LOBOS En LOBOS, nuestra misi\u00f3n es ofrecer soluciones integrales en log\u00edstica, transporte y maniobras especializadas de carga y descarga, garantizando seguridad, precisi\u00f3n y eficiencia en cada operaci\u00f3n.Trabajamos con un equipo altamente capacitado y equipo especializado para asegurar el manejo profesional de todo tipo de mercanc\u00eda, brindando un servicio confiable, puntual y [&hellip;]<\/p>\n","protected":false},"author":1,"featured_media":0,"parent":0,"menu_order":0,"comment_status":"closed","ping_status":"closed","template":"","meta":{"footnotes":""},"class_list":["post-19","page","type-page","status-publish","hentry","has-post-title","has-post-date","has-post-category","has-post-tag","has-post-comment","has-post-author",""],"yoast_head":"<!-- This site is optimized with the Yoast SEO plugin v27.0 - https:\/\/yoast.com\/product\/yoast-seo-wordpress\/ -->\n<title>Sobre Nosotros - ltlobos<\/title>\n<meta name=\"robots\" content=\"index, follow, max-snippet:-1, max-image-preview:large, max-video-preview:-1\" \/>\n<link rel=\"canonical\" href=\"https:\/\/ltlobos.com\/index.php\/nosotros\/\" \/>\n<meta property=\"og:locale\" content=\"es_MX\" \/>\n<meta property=\"og:type\" content=\"article\" \/>\n<meta property=\"og:title\" content=\"Sobre Nosotros - ltlobos\" \/>\n<meta property=\"og:description\" content=\"Misi\u00f3n Transporte y Log\u00edstica LOBOS En LOBOS, nuestra misi\u00f3n es ofrecer soluciones integrales en log\u00edstica, transporte y maniobras especializadas de carga y descarga, garantizando seguridad, precisi\u00f3n y eficiencia en cada operaci\u00f3n.Trabajamos con un equipo altamente capacitado y equipo especializado para asegurar el manejo profesional de todo tipo de mercanc\u00eda, brindando un servicio confiable, puntual y [&hellip;]\" \/>\n<meta property=\"og:url\" content=\"https:\/\/ltlobos.com\/index.php\/nosotros\/\" \/>\n<meta property=\"og:site_name\" content=\"ltlobos\" \/>\n<meta property=\"article:modified_time\" content=\"2026-03-03T04:05:47+00:00\" \/>\n<meta name=\"twitter:card\" content=\"summary_large_image\" \/>\n<meta name=\"twitter:label1\" content=\"Tiempo de lectura\" \/>\n\t<meta name=\"twitter:data1\" content=\"5 minutos\" \/>\n<script type=\"application\/ld+json\" class=\"yoast-schema-graph\">{\"@context\":\"https:\/\/schema.org\",\"@graph\":[{\"@type\":\"WebPage\",\"@id\":\"https:\/\/ltlobos.com\/index.php\/nosotros\/\",\"url\":\"https:\/\/ltlobos.com\/index.php\/nosotros\/\",\"name\":\"Sobre Nosotros - ltlobos\",\"isPartOf\":{\"@id\":\"https:\/\/ltlobos.com\/#website\"},\"datePublished\":\"2021-03-22T09:08:05+00:00\",\"dateModified\":\"2026-03-03T04:05:47+00:00\",\"breadcrumb\":{\"@id\":\"https:\/\/ltlobos.com\/index.php\/nosotros\/#breadcrumb\"},\"inLanguage\":\"es\",\"potentialAction\":[{\"@type\":\"ReadAction\",\"target\":[\"https:\/\/ltlobos.com\/index.php\/nosotros\/\"]}]},{\"@type\":\"BreadcrumbList\",\"@id\":\"https:\/\/ltlobos.com\/index.php\/nosotros\/#breadcrumb\",\"itemListElement\":[{\"@type\":\"ListItem\",\"position\":1,\"name\":\"Inicio\",\"item\":\"https:\/\/ltlobos.com\/\"},{\"@type\":\"ListItem\",\"position\":2,\"name\":\"Sobre Nosotros\"}]},{\"@type\":\"WebSite\",\"@id\":\"https:\/\/ltlobos.com\/#website\",\"url\":\"https:\/\/ltlobos.com\/\",\"name\":\"ltlobos\",\"description\":\"\",\"publisher\":{\"@id\":\"https:\/\/ltlobos.com\/#organization\"},\"potentialAction\":[{\"@type\":\"SearchAction\",\"target\":{\"@type\":\"EntryPoint\",\"urlTemplate\":\"https:\/\/ltlobos.com\/?s={search_term_string}\"},\"query-input\":{\"@type\":\"PropertyValueSpecification\",\"valueRequired\":true,\"valueName\":\"search_term_string\"}}],\"inLanguage\":\"es\"},{\"@type\":\"Organization\",\"@id\":\"https:\/\/ltlobos.com\/#organization\",\"name\":\"ltlobos\",\"url\":\"https:\/\/ltlobos.com\/\",\"logo\":{\"@type\":\"ImageObject\",\"inLanguage\":\"es\",\"@id\":\"https:\/\/ltlobos.com\/#\/schema\/logo\/image\/\",\"url\":\"https:\/\/ltlobos.com\/wp-content\/uploads\/2026\/02\/Logotipo-1-PNG-1.png\",\"contentUrl\":\"https:\/\/ltlobos.com\/wp-content\/uploads\/2026\/02\/Logotipo-1-PNG-1.png\",\"width\":1024,\"height\":1024,\"caption\":\"ltlobos\"},\"image\":{\"@id\":\"https:\/\/ltlobos.com\/#\/schema\/logo\/image\/\"}}]}<\/script>\n<!-- \/ Yoast SEO plugin. -->","yoast_head_json":{"title":"Sobre Nosotros - ltlobos","robots":{"index":"index","follow":"follow","max-snippet":"max-snippet:-1","max-image-preview":"max-image-preview:large","max-video-preview":"max-video-preview:-1"},"canonical":"https:\/\/ltlobos.com\/index.php\/nosotros\/","og_locale":"es_MX","og_type":"article","og_title":"Sobre Nosotros - ltlobos","og_description":"Misi\u00f3n Transporte y Log\u00edstica LOBOS En LOBOS, nuestra misi\u00f3n es ofrecer soluciones integrales en log\u00edstica, transporte y maniobras especializadas de carga y descarga, garantizando seguridad, precisi\u00f3n y eficiencia en cada operaci\u00f3n.Trabajamos con un equipo altamente capacitado y equipo especializado para asegurar el manejo profesional de todo tipo de mercanc\u00eda, brindando un servicio confiable, puntual y [&hellip;]","og_url":"https:\/\/ltlobos.com\/index.php\/nosotros\/","og_site_name":"ltlobos","article_modified_time":"2026-03-03T04:05:47+00:00","twitter_card":"summary_large_image","twitter_misc":{"Tiempo de lectura":"5 minutos"},"schema":{"@context":"https:\/\/schema.org","@graph":[{"@type":"WebPage","@id":"https:\/\/ltlobos.com\/index.php\/nosotros\/","url":"https:\/\/ltlobos.com\/index.php\/nosotros\/","name":"Sobre Nosotros - ltlobos","isPartOf":{"@id":"https:\/\/ltlobos.com\/#website"},"datePublished":"2021-03-22T09:08:05+00:00","dateModified":"2026-03-03T04:05:47+00:00","breadcrumb":{"@id":"https:\/\/ltlobos.com\/index.php\/nosotros\/#breadcrumb"},"inLanguage":"es","potentialAction":[{"@type":"ReadAction","target":["https:\/\/ltlobos.com\/index.php\/nosotros\/"]}]},{"@type":"BreadcrumbList","@id":"https:\/\/ltlobos.com\/index.php\/nosotros\/#breadcrumb","itemListElement":[{"@type":"ListItem","position":1,"name":"Inicio","item":"https:\/\/ltlobos.com\/"},{"@type":"ListItem","position":2,"name":"Sobre Nosotros"}]},{"@type":"WebSite","@id":"https:\/\/ltlobos.com\/#website","url":"https:\/\/ltlobos.com\/","name":"ltlobos","description":"","publisher":{"@id":"https:\/\/ltlobos.com\/#organization"},"potentialAction":[{"@type":"SearchAction","target":{"@type":"EntryPoint","urlTemplate":"https:\/\/ltlobos.com\/?s={search_term_string}"},"query-input":{"@type":"PropertyValueSpecification","valueRequired":true,"valueName":"search_term_string"}}],"inLanguage":"es"},{"@type":"Organization","@id":"https:\/\/ltlobos.com\/#organization","name":"ltlobos","url":"https:\/\/ltlobos.com\/","logo":{"@type":"ImageObject","inLanguage":"es","@id":"https:\/\/ltlobos.com\/#\/schema\/logo\/image\/","url":"https:\/\/ltlobos.com\/wp-content\/uploads\/2026\/02\/Logotipo-1-PNG-1.png","contentUrl":"https:\/\/ltlobos.com\/wp-content\/uploads\/2026\/02\/Logotipo-1-PNG-1.png","width":1024,"height":1024,"caption":"ltlobos"},"image":{"@id":"https:\/\/ltlobos.com\/#\/schema\/logo\/image\/"}}]}},"builder_content":"<h1>Misi\u00f3n<\/h1> <h3>Transporte y Log\u00edstica LOBOS<\/h3> <p>En LOBOS, nuestra misi\u00f3n es ofrecer soluciones integrales en log\u00edstica, transporte y maniobras especializadas de carga y descarga, garantizando seguridad, precisi\u00f3n y eficiencia en cada operaci\u00f3n.<br>Trabajamos con un equipo altamente capacitado y equipo especializado para asegurar el manejo profesional de todo tipo de mercanc\u00eda, brindando un servicio confiable, puntual y orientado a superar las expectativas de cada cliente.<\/p>\n<h1>Visi\u00f3n<\/h1> <h3>Transporte y Log\u00edstica LOBOS<\/h3> <p>En LOBOS, aspiramos a consolidarnos como la empresa l\u00edder en M\u00e9xico en log\u00edstica, transporte y maniobras especializadas, reconocida por nuestra confiabilidad, excelencia operativa e innovaci\u00f3n constante.<br>Buscamos ser el socio estrat\u00e9gico preferido de la industria, impulsando el crecimiento de nuestros clientes mediante soluciones eficientes, modernas y enfocadas en la seguridad y la calidad en cada kil\u00f3metro recorrido.<\/p>\n<h1>Nosotros<\/h1> <h3>Transporte y Log\u00edstica LOBOS<\/h3> <p>En Transporte y Log\u00edstica LOBOS ofrecemos soluciones profesionales en log\u00edstica, transporte y maniobras especializadas de carga y descarga. Contamos con personal capacitado y equipo adecuado para garantizar operaciones seguras, eficientes y puntuales.<\/p> <p>Nos distinguimos por nuestro compromiso con la calidad, la precisi\u00f3n y la atenci\u00f3n personalizada, brindando servicios confiables que se adaptan a las necesidades de cada cliente.<br>En LOBOS, trabajamos para ser tu aliado estrat\u00e9gico en cada operaci\u00f3n log\u00edstica y en cada kil\u00f3metro recorrido.<\/p>","_links":{"self":[{"href":"https:\/\/ltlobos.com\/index.php\/wp-json\/wp\/v2\/pages\/19","targetHints":{"allow":["GET"]}}],"collection":[{"href":"https:\/\/ltlobos.com\/index.php\/wp-json\/wp\/v2\/pages"}],"about":[{"href":"https:\/\/ltlobos.com\/index.php\/wp-json\/wp\/v2\/types\/page"}],"author":[{"embeddable":true,"href":"https:\/\/ltlobos.com\/index.php\/wp-json\/wp\/v2\/users\/1"}],"replies":[{"embeddable":true,"href":"https:\/\/ltlobos.com\/index.php\/wp-json\/wp\/v2\/comments?post=19"}],"version-history":[{"count":19,"href":"https:\/\/ltlobos.com\/index.php\/wp-json\/wp\/v2\/pages\/19\/revisions"}],"predecessor-version":[{"id":411,"href":"https:\/\/ltlobos.com\/index.php\/wp-json\/wp\/v2\/pages\/19\/revisions\/411"}],"wp:attachment":[{"href":"https:\/\/ltlobos.com\/index.php\/wp-json\/wp\/v2\/media?parent=19"}],"curies":[{"name":"wp","href":"https:\/\/api.w.org\/{rel}","templated":true}]}}